{"id":10312,"date":"2016-03-05T15:44:34","date_gmt":"2016-03-05T15:44:34","guid":{"rendered":"https:\/\/www.turismodealmeria.org\/personaje\/francisco-rueda-lopez\/?lang=fr"},"modified":"2022-05-23T16:55:51","modified_gmt":"2022-05-23T14:55:51","slug":"francisco-rueda-lopez","status":"publish","type":"personaje","link":"https:\/\/www.turismodealmeria.org\/fr\/personaje\/francisco-rueda-lopez\/","title":{"rendered":"Francisco Rueda L\u00f3pez"},"content":{"rendered":"<p>Il la fonde en 1860 et en est le propri\u00e9taire-fondateur, directeur et \u00e9diteur (parfois le seul). H<strong>omme de grand temp\u00e9rament, d&rsquo;id\u00e9es progressistes,<\/strong> il les a propag\u00e9es \u00e0 partir de son journal et a fr\u00e9quemment et s\u00e9v\u00e8rement critiqu\u00e9 les actions des autorit\u00e9s politiques, pour lesquelles il a \u00e9t\u00e9 arr\u00eat\u00e9 et pers\u00e9cut\u00e9 \u00e0 plus d&rsquo;une occasion.<\/p>\n<p>Des milliers d&rsquo;articles sur les sujets les plus vari\u00e9s sont dus \u00e0 sa plume. Il<strong> cultive aussi la po\u00e9sie lyrique, tant\u00f4t festive et humoristique<\/strong>, tant\u00f4t aux accents \u00e9piques (comme l&rsquo;ode \u00ab aux Coloraos \u00bb) ou de circonstance, qui apparaissent parfois \u00e9parses en une seule strophe.<\/p>\n<p>Parmi les centaines de po\u00e8mes qu&rsquo;il a \u00e9crits, dont beaucoup ont \u00e9t\u00e9 perdus, figurent des titres tels que \u00ab\u00a0Deuxi\u00e8me parole que J\u00e9sus a prononc\u00e9e sur la croix\u00a0\u00bb, \u00ab\u00a0Agonie\u00a0\u00bb, \u00ab\u00a0A.S.M. Queen Elizabeth II\u00a0\u00bb, \u00ab\u00a0Voyage dans la ville d&rsquo;Almer\u00eda\u00a0\u00bb, des quintettes et des limericks d\u00e9di\u00e9s \u00ab\u00a0A Cervantes\u00a0\u00bb et une ode en hommage \u00ab\u00a0aux Colorados\u00a0\u00bb. En tant que dramaturge en vers, il a \u00e9crit une com\u00e9die, \u00ab\u00a0La jalousie de l&rsquo;oncle Cramp\u00a0\u00bb. Une partie de son premier travail litt\u00e9raire a \u00e9t\u00e9 recueillie dans son livre \u00ab\u00a0Secrets de mon portefeuille\u00a0\u00bb.<\/p>\n","protected":false},"excerpt":{"rendered":"<p>Journaliste professionnel et \u00e9crivain prolifique, il a d\u00e9velopp\u00e9 un \u00e9norme travail informatif et culturel \u00e0 travers La Cr\u00f3nica Meridional, le journal le plus ancien d&rsquo;Almeria (1860-1936), dans lequel plus de 25 000 num\u00e9ros pr\u00e9sentent un panorama sans pr\u00e9c\u00e9dent des transformations si transcendantales qu&rsquo;Almer\u00eda a v\u00e9cues. cette p\u00e9riode historique.<\/p>\n","protected":false},"featured_media":25012,"template":"","meta":{"_acf_changed":false},"class_list":["post-10312","personaje","type-personaje","status-publish","has-post-thumbnail","hentry"],"acf":[],"ACF":{"fechas":"1834 - 1903"},"_links":{"self":[{"href":"https:\/\/www.turismodealmeria.org\/fr\/wp-json\/wp\/v2\/personaje\/10312","targetHints":{"allow":["GET"]}}],"collection":[{"href":"https:\/\/www.turismodealmeria.org\/fr\/wp-json\/wp\/v2\/personaje"}],"about":[{"href":"https:\/\/www.turismodealmeria.org\/fr\/wp-json\/wp\/v2\/types\/personaje"}],"wp:featuredmedia":[{"embeddable":true,"href":"https:\/\/www.turismodealmeria.org\/fr\/wp-json\/wp\/v2\/media\/25012"}],"wp:attachment":[{"href":"https:\/\/www.turismodealmeria.org\/fr\/wp-json\/wp\/v2\/media?parent=10312"}],"curies":[{"name":"wp","href":"https:\/\/api.w.org\/{rel}","templated":true}]}}

Francisco Rueda López

<p>Il la fonde en 1860 et en est le propriétaire-fondateur, directeur et éditeur (parfois le seul). H<strong>omme de grand tempérament, d&rsquo;idées progressistes,</strong> il les a propagées à partir de son journal et a fréquemment et sévèrement critiqué les actions des autorités politiques, pour lesquelles il a été arrêté et persécuté à plus d&rsquo;une occasion.</p>
<p>Des milliers d&rsquo;articles sur les sujets les plus variés sont dus à sa plume. Il<strong> cultive aussi la poésie lyrique, tantôt festive et humoristique</strong>, tantôt aux accents épiques (comme l&rsquo;ode « aux Coloraos ») ou de circonstance, qui apparaissent parfois éparses en une seule strophe.</p>
<p>Parmi les centaines de poèmes qu&rsquo;il a écrits, dont beaucoup ont été perdus, figurent des titres tels que « Deuxième parole que Jésus a prononcée sur la croix », « Agonie », « A.S.M. Queen Elizabeth II », « Voyage dans la ville d&rsquo;Almería », des quintettes et des limericks dédiés « A Cervantes » et une ode en hommage « aux Colorados ». En tant que dramaturge en vers, il a écrit une comédie, « La jalousie de l&rsquo;oncle Cramp ». Une partie de son premier travail littéraire a été recueillie dans son livre « Secrets de mon portefeuille ».</p>

<p>Journaliste professionnel et écrivain prolifique, il a développé un énorme travail informatif et culturel à travers La Crónica Meridional, le journal le plus ancien d&rsquo;Almeria (1860-1936), dans lequel plus de 25 000 numéros présentent un panorama sans précédent des transformations si transcendantales qu&rsquo;Almería a vécues. cette période historique.</p>
