{"id":10316,"date":"2016-02-11T16:07:51","date_gmt":"2016-02-11T16:07:51","guid":{"rendered":"https:\/\/www.turismodealmeria.org\/personaje\/juan-lilora-gomez\/?lang=fr"},"modified":"2022-05-23T17:00:35","modified_gmt":"2022-05-23T15:00:35","slug":"juan-lilora-gomez","status":"publish","type":"personaje","link":"https:\/\/www.turismodealmeria.org\/fr\/personaje\/juan-lilora-gomez\/","title":{"rendered":"Juan Lirola G\u00f3mez"},"content":{"rendered":"<p>Juan Lirola <strong>\u00e9tait li\u00e9 au Parti lib\u00e9ral, \u00e9tait un ami de Carlos Rodrigo Navarro<\/strong>\u00a0et a dirig\u00e9 la mairie d&rsquo;Almer\u00eda pendant trois mandats au cours des exercices biennaux 1881-83, 1883-85 et 1886-88.<\/p>\n<p>En tant que maire, il s&rsquo;est distingu\u00e9 en favorisant la construction et le d\u00e9veloppement de la ville d&rsquo;Almer\u00eda. Avec lui, la ville s&rsquo;est dot\u00e9e de nouvelles rues et avenues, en plus de l&rsquo;introduction de nouveaux \u00e9l\u00e9ments d&rsquo;infrastructures urbaines comme les trottoirs en ciment ou l&rsquo;approvisionnement en eau potable gr\u00e2ce \u00e0 la construction de r\u00e9seaux d&rsquo;adduction. L<strong>irola a \u00e9galement donn\u00e9 un grand coup de pouce \u00e0 la foire et aux f\u00eates du mois d&rsquo;ao\u00fbt<\/strong>, convaincue que c&rsquo;\u00e9tait un bon moyen de promouvoir le tourisme dans la ville et de g\u00e9n\u00e9rer de la richesse.<\/p>\n<p>Gr\u00e2ce \u00e0 son amiti\u00e9 avec Navarro Rodrigo et profitant de sa nomination au poste de ministre des Travaux publics, <strong>Lirola obtient la concession d&rsquo;une \u00e9cole des arts et m\u00e9tiers pour la ville. Il a particip\u00e9 activement \u00e0 la commission charg\u00e9e de g\u00e9rer la construction du chemin de fer Linares-Almer\u00eda<\/strong> avec le gouvernement.<\/p>\n<p>De la pr\u00e9sidence du Cercle Mercantile, il a dirig\u00e9 la constitution de la Chambre officielle de commerce, d&rsquo;industrie et de navigation d&rsquo;Almer\u00eda, devenant son premier pr\u00e9sident \u00e0 partir de ce moment jusqu&rsquo;\u00e0 la date de sa mort. Il a \u00e9galement \u00e9t\u00e9 vice-pr\u00e9sident du Port Works Board.<\/p>\n","protected":false},"excerpt":{"rendered":"<p>Homme politique et homme d&rsquo;affaires, li\u00e9 \u00e0 l&rsquo;exportation de raisins de table. Au d\u00e9but de 1860, il s&rsquo;installe \u00e0 Almer\u00eda et rejoint l&rsquo;entreprise \u00ab\u00a0Spencer y Roda\u00a0\u00bb, l&rsquo;une des entreprises les plus importantes de la province du milieu du XIXe si\u00e8cle au d\u00e9but du XXe si\u00e8cle, d\u00e9di\u00e9e, entre autres activit\u00e9s, \u00e0 l&rsquo;exportation et le commerce de min\u00e9raux, de raisins et d&rsquo;alfa.<\/p>\n","protected":false},"featured_media":24994,"template":"","meta":{"_acf_changed":false},"class_list":["post-10316","personaje","type-personaje","status-publish","has-post-thumbnail","hentry"],"acf":[],"ACF":{"fechas":"1829 - 1894"},"_links":{"self":[{"href":"https:\/\/www.turismodealmeria.org\/fr\/wp-json\/wp\/v2\/personaje\/10316","targetHints":{"allow":["GET"]}}],"collection":[{"href":"https:\/\/www.turismodealmeria.org\/fr\/wp-json\/wp\/v2\/personaje"}],"about":[{"href":"https:\/\/www.turismodealmeria.org\/fr\/wp-json\/wp\/v2\/types\/personaje"}],"wp:featuredmedia":[{"embeddable":true,"href":"https:\/\/www.turismodealmeria.org\/fr\/wp-json\/wp\/v2\/media\/24994"}],"wp:attachment":[{"href":"https:\/\/www.turismodealmeria.org\/fr\/wp-json\/wp\/v2\/media?parent=10316"}],"curies":[{"name":"wp","href":"https:\/\/api.w.org\/{rel}","templated":true}]}}

Juan Lirola Gómez

<p>Juan Lirola <strong>était lié au Parti libéral, était un ami de Carlos Rodrigo Navarro</strong> et a dirigé la mairie d&rsquo;Almería pendant trois mandats au cours des exercices biennaux 1881-83, 1883-85 et 1886-88.</p>
<p>En tant que maire, il s&rsquo;est distingué en favorisant la construction et le développement de la ville d&rsquo;Almería. Avec lui, la ville s&rsquo;est dotée de nouvelles rues et avenues, en plus de l&rsquo;introduction de nouveaux éléments d&rsquo;infrastructures urbaines comme les trottoirs en ciment ou l&rsquo;approvisionnement en eau potable grâce à la construction de réseaux d&rsquo;adduction. L<strong>irola a également donné un grand coup de pouce à la foire et aux fêtes du mois d&rsquo;août</strong>, convaincue que c&rsquo;était un bon moyen de promouvoir le tourisme dans la ville et de générer de la richesse.</p>
<p>Grâce à son amitié avec Navarro Rodrigo et profitant de sa nomination au poste de ministre des Travaux publics, <strong>Lirola obtient la concession d&rsquo;une école des arts et métiers pour la ville. Il a participé activement à la commission chargée de gérer la construction du chemin de fer Linares-Almería</strong> avec le gouvernement.</p>
<p>De la présidence du Cercle Mercantile, il a dirigé la constitution de la Chambre officielle de commerce, d&rsquo;industrie et de navigation d&rsquo;Almería, devenant son premier président à partir de ce moment jusqu&rsquo;à la date de sa mort. Il a également été vice-président du Port Works Board.</p>

<p>Homme politique et homme d&rsquo;affaires, lié à l&rsquo;exportation de raisins de table. Au début de 1860, il s&rsquo;installe à Almería et rejoint l&rsquo;entreprise « Spencer y Roda », l&rsquo;une des entreprises les plus importantes de la province du milieu du XIXe siècle au début du XXe siècle, dédiée, entre autres activités, à l&rsquo;exportation et le commerce de minéraux, de raisins et d&rsquo;alfa.</p>
