{"id":81903,"date":"2025-02-13T13:13:18","date_gmt":"2025-02-13T11:13:18","guid":{"rendered":"https:\/\/www.turismodealmeria.org\/?post_type=rutas&#038;p=81903"},"modified":"2025-02-17T14:08:14","modified_gmt":"2025-02-17T12:08:14","slug":"route-du-flamenco","status":"publish","type":"rutas","link":"https:\/\/www.turismodealmeria.org\/fr\/rutas\/route-du-flamenco\/","title":{"rendered":"Route du Flamenco"},"content":{"rendered":"<div class=\"wpb-content-wrapper\"><p>[vc_row row_height_percent=\u00a0\u00bb0&Prime; override_padding=\u00a0\u00bbyes\u00a0\u00bb h_padding=\u00a0\u00bb0&Prime; top_padding=\u00a0\u00bb2&Prime; bottom_padding=\u00a0\u00bb2&Prime; overlay_alpha=\u00a0\u00bb50&Prime; gutter_size=\u00a0\u00bb3&Prime; column_width_percent=\u00a0\u00bb100&Prime; shift_y=\u00a0\u00bb0&Prime; z_index=\u00a0\u00bb0&Prime; uncode_shortcode_id=\u00a0\u00bb170126&Prime;][vc_column][vc_column_text uncode_shortcode_id=\u00a0\u00bb204785&Prime;]La Route du flamenco d&rsquo;Almer\u00eda commence au Centre d&rsquo;interpr\u00e9tation du patrimoine, o\u00f9 les trois \u00e9tapes cl\u00e9s de la ville (musulmane, chr\u00e9tienne et contemporaine) sont expliqu\u00e9es \u00e0 l&rsquo;aide de ressources p\u00e9dagogiques telles qu&rsquo;une vid\u00e9o panoramique et un belv\u00e9d\u00e8re avec vue sur l&rsquo;Alcazaba et le Cerro de San Crist\u00f3bal. Les origines du flamenco local y sont pr\u00e9sent\u00e9es, en soulignant les palos alm\u00e9riens (styles traditionnels), l&rsquo;\u00e9mergence des pe\u00f1as et leur lien avec le Cante de las Minas, symbole de la tradition mini\u00e8re et flamenco de la r\u00e9gion.<\/p>\n<p>La visite se poursuit au mus\u00e9e de la guitare Antonio de Torres, d\u00e9di\u00e9 au luthier d&rsquo;Almer\u00eda qui a r\u00e9volutionn\u00e9 la guitare moderne. \u00c0 travers des expositions, vous d\u00e9couvrirez l&rsquo;\u00e9volution de cet instrument, le r\u00f4le des castagnettes et l&rsquo;influence du peuple gitan sur le flamenco, dont le \u00ab toque \u00bb transmet des \u00e9motions profondes. L&rsquo;exp\u00e9rience culmine dans une authentique pe\u00f1a flamenca situ\u00e9e dans une grotte, o\u00f9 l&rsquo;art est v\u00e9cu dans sa forme la plus visc\u00e9rale, reliant le pass\u00e9 et le pr\u00e9sent d&rsquo;une tradition qui bat au c\u0153ur d&rsquo;Almer\u00eda.[\/vc_column_text][vc_button button_color=\u00a0\u00bbcolor-amber\u00a0\u00bb size=\u00a0\u00bbbtn-sm\u00a0\u00bb radius=\u00a0\u00bbbtn-round\u00a0\u00bb border_width=\u00a0\u00bb2&Prime; button_color_type=\u00a0\u00bbuncode-palette\u00a0\u00bb uncode_shortcode_id=\u00a0\u00bb114076&Prime; link=\u00a0\u00bburl:https%3A%2F%2Fwww.turismodealmeria.org%2Fwp-content%2Fuploads%2F2025%2F02%2FRuta-Flamenca-FR.pdf|target:_blank\u00a0\u00bb]Conna\u00eetre l&rsquo;itin\u00e9raire[\/vc_button][\/vc_column][\/vc_row]<\/p>\n<\/div>","protected":false},"excerpt":{"rendered":"<p>[vc_row row_height_percent=\u00a0\u00bb0&Prime; override_padding=\u00a0\u00bbyes\u00a0\u00bb h_padding=\u00a0\u00bb0&Prime; top_padding=\u00a0\u00bb2&Prime; bottom_padding=\u00a0\u00bb2&Prime; overlay_alpha=\u00a0\u00bb50&Prime; gutter_size=\u00a0\u00bb3&Prime; column_width_percent=\u00a0\u00bb100&Prime; shift_y=\u00a0\u00bb0&Prime; z_index=\u00a0\u00bb0&Prime; uncode_shortcode_id=\u00a0\u00bb170126&Prime;][vc_column][vc_column_text uncode_shortcode_id=\u00a0\u00bb204785&Prime;]La Route du flamenco d&rsquo;Almer\u00eda commence au Centre [&hellip;]<\/p>\n","protected":false},"featured_media":81737,"template":"","format":"standard","meta":{"_acf_changed":false},"class_list":["post-81903","rutas","type-rutas","status-publish","format-standard","has-post-thumbnail","hentry"],"acf":[],"ACF":false,"_links":{"self":[{"href":"https:\/\/www.turismodealmeria.org\/fr\/wp-json\/wp\/v2\/rutas\/81903","targetHints":{"allow":["GET"]}}],"collection":[{"href":"https:\/\/www.turismodealmeria.org\/fr\/wp-json\/wp\/v2\/rutas"}],"about":[{"href":"https:\/\/www.turismodealmeria.org\/fr\/wp-json\/wp\/v2\/types\/rutas"}],"wp:featuredmedia":[{"embeddable":true,"href":"https:\/\/www.turismodealmeria.org\/fr\/wp-json\/wp\/v2\/media\/81737"}],"wp:attachment":[{"href":"https:\/\/www.turismodealmeria.org\/fr\/wp-json\/wp\/v2\/media?parent=81903"}],"curies":[{"name":"wp","href":"https:\/\/api.w.org\/{rel}","templated":true}]}}

<div class="wpb-content-wrapper"><p>[vc_row row_height_percent= »0&Prime; override_padding= »yes » h_padding= »0&Prime; top_padding= »2&Prime; bottom_padding= »2&Prime; overlay_alpha= »50&Prime; gutter_size= »3&Prime; column_width_percent= »100&Prime; shift_y= »0&Prime; z_index= »0&Prime; uncode_shortcode_id= »170126&Prime;][vc_column][vc_column_text uncode_shortcode_id= »204785&Prime;]La Route du flamenco d&rsquo;Almería commence au Centre d&rsquo;interprétation du patrimoine, où les trois étapes clés de la ville (musulmane, chrétienne et contemporaine) sont expliquées à l&rsquo;aide de ressources pédagogiques telles qu&rsquo;une vidéo panoramique et un belvédère avec vue sur l&rsquo;Alcazaba et le Cerro de San Cristóbal. Les origines du flamenco local y sont présentées, en soulignant les palos almériens (styles traditionnels), l&rsquo;émergence des peñas et leur lien avec le Cante de las Minas, symbole de la tradition minière et flamenco de la région.</p>
<p>La visite se poursuit au musée de la guitare Antonio de Torres, dédié au luthier d&rsquo;Almería qui a révolutionné la guitare moderne. À travers des expositions, vous découvrirez l&rsquo;évolution de cet instrument, le rôle des castagnettes et l&rsquo;influence du peuple gitan sur le flamenco, dont le « toque » transmet des émotions profondes. L&rsquo;expérience culmine dans une authentique peña flamenca située dans une grotte, où l&rsquo;art est vécu dans sa forme la plus viscérale, reliant le passé et le présent d&rsquo;une tradition qui bat au cœur d&rsquo;Almería.[/vc_column_text][vc_button button_color= »color-amber » size= »btn-sm » radius= »btn-round » border_width= »2&Prime; button_color_type= »uncode-palette » uncode_shortcode_id= »114076&Prime; link= »url:https%3A%2F%2Fwww.turismodealmeria.org%2Fwp-content%2Fuploads%2F2025%2F02%2FRuta-Flamenca-FR.pdf|target:_blank »]Connaître l&rsquo;itinéraire[/vc_button][/vc_column][/vc_row]</p>
</div>

<p>[vc_row row_height_percent= »0&Prime; override_padding= »yes » h_padding= »0&Prime; top_padding= »2&Prime; bottom_padding= »2&Prime; overlay_alpha= »50&Prime; gutter_size= »3&Prime; column_width_percent= »100&Prime; shift_y= »0&Prime; z_index= »0&Prime; uncode_shortcode_id= »170126&Prime;][vc_column][vc_column_text uncode_shortcode_id= »204785&Prime;]La Route du flamenco d&rsquo;Almería commence au Centre [&hellip;]</p>
