{"id":81906,"date":"2025-02-13T13:29:43","date_gmt":"2025-02-13T11:29:43","guid":{"rendered":"https:\/\/www.turismodealmeria.org\/?post_type=rutas&#038;p=81906"},"modified":"2025-02-17T14:10:16","modified_gmt":"2025-02-17T12:10:16","slug":"gastro-tour-a-almeria","status":"publish","type":"rutas","link":"https:\/\/www.turismodealmeria.org\/fr\/rutas\/gastro-tour-a-almeria\/","title":{"rendered":"Gastro Tour \u00e0 Almeria"},"content":{"rendered":"<div class=\"wpb-content-wrapper\"><p>[vc_row row_height_percent=\u00a0\u00bb0&Prime; override_padding=\u00a0\u00bbyes\u00a0\u00bb h_padding=\u00a0\u00bb0&Prime; top_padding=\u00a0\u00bb2&Prime; bottom_padding=\u00a0\u00bb2&Prime; overlay_alpha=\u00a0\u00bb50&Prime; gutter_size=\u00a0\u00bb3&Prime; column_width_percent=\u00a0\u00bb100&Prime; shift_y=\u00a0\u00bb0&Prime; z_index=\u00a0\u00bb0&Prime; uncode_shortcode_id=\u00a0\u00bb170126&Prime;][vc_column][vc_column_text uncode_shortcode_id=\u00a0\u00bb605059&Prime;]La route panoramique commence dans le parc Nicol\u00e1s Salmer\u00f3n, un poumon vert \u00e0 c\u00f4t\u00e9 du port, qui se distingue par sa richesse botanique et maritime. De l\u00e0, vous pourrez admirer l&rsquo;imposant quai de chargement du minerai de fer, un bien d&rsquo;int\u00e9r\u00eat culturel situ\u00e9 sur la plage d&rsquo;Almadrabillas, symbole de l&rsquo;histoire industrielle d&rsquo;Almeria. L&rsquo;itin\u00e9raire se poursuit vers la Puerta de Purchena, c\u0153ur du centre-ville du XIXe si\u00e8cle, o\u00f9 se distinguent l&rsquo;Edificio de las Mariposas, \u0153uvre historiciste de l&rsquo;architecte Trinidad Cuartara Cassinello, et l&rsquo;atmosph\u00e8re anim\u00e9e des boutiques et des caf\u00e9s qui refl\u00e8tent l&rsquo;\u00e9volution de la ville apr\u00e8s la d\u00e9molition de ses murailles.<\/p>\n<p>Le Mercado Central de Abastos, joyau du XIXe si\u00e8cle \u00e0 la structure de fer et de verre, \u00e9voque les march\u00e9s europ\u00e9ens tels que Les Halles ou La Boquer\u00eda. Con\u00e7ue \u00e0 l&rsquo;\u00e9poque du boom minier et agricole, sa fa\u00e7ade n\u00e9o-baroque de la rue Aguilar de Campoo, dessin\u00e9e par Guillermo Langle Rubio, s&rsquo;harmonise avec son int\u00e9rieur rempli de produits frais : du poisson \u00e0 l&rsquo;exclusive tomate Raf, embl\u00e8me agricole de la r\u00e9gion. Les visiteurs peuvent y d\u00e9guster des tapas locales comme le jambon ou l&rsquo;omelette aux truffes, et emporter des saveurs locales comme l&rsquo;huile d&rsquo;olive ou la confiture de tomates Raf, r\u00e9sumant ainsi l&rsquo;essence gastronomique et patrimoniale d&rsquo;Almer\u00eda en un seul espace.[\/vc_column_text][vc_button button_color=\u00a0\u00bbcolor-amber\u00a0\u00bb size=\u00a0\u00bbbtn-sm\u00a0\u00bb radius=\u00a0\u00bbbtn-round\u00a0\u00bb border_width=\u00a0\u00bb2&Prime; button_color_type=\u00a0\u00bbuncode-palette\u00a0\u00bb uncode_shortcode_id=\u00a0\u00bb715761&Prime; link=\u00a0\u00bburl:https%3A%2F%2Fwww.turismodealmeria.org%2Fwp-content%2Fuploads%2F2025%2F02%2FRuta-Flamenca-FR.pdf|target:_blank\u00a0\u00bb]Conna\u00eetre l&rsquo;itin\u00e9raire[\/vc_button][\/vc_column][\/vc_row]<\/p>\n<\/div>","protected":false},"excerpt":{"rendered":"<p>[vc_row row_height_percent=\u00a0\u00bb0&Prime; override_padding=\u00a0\u00bbyes\u00a0\u00bb h_padding=\u00a0\u00bb0&Prime; top_padding=\u00a0\u00bb2&Prime; bottom_padding=\u00a0\u00bb2&Prime; overlay_alpha=\u00a0\u00bb50&Prime; gutter_size=\u00a0\u00bb3&Prime; column_width_percent=\u00a0\u00bb100&Prime; shift_y=\u00a0\u00bb0&Prime; z_index=\u00a0\u00bb0&Prime; uncode_shortcode_id=\u00a0\u00bb170126&Prime;][vc_column][vc_column_text uncode_shortcode_id=\u00a0\u00bb605059&Prime;]La route panoramique commence dans le parc Nicol\u00e1s [&hellip;]<\/p>\n","protected":false},"featured_media":81775,"template":"","format":"standard","meta":{"_acf_changed":false},"class_list":["post-81906","rutas","type-rutas","status-publish","format-standard","has-post-thumbnail","hentry"],"acf":[],"ACF":false,"_links":{"self":[{"href":"https:\/\/www.turismodealmeria.org\/fr\/wp-json\/wp\/v2\/rutas\/81906","targetHints":{"allow":["GET"]}}],"collection":[{"href":"https:\/\/www.turismodealmeria.org\/fr\/wp-json\/wp\/v2\/rutas"}],"about":[{"href":"https:\/\/www.turismodealmeria.org\/fr\/wp-json\/wp\/v2\/types\/rutas"}],"wp:featuredmedia":[{"embeddable":true,"href":"https:\/\/www.turismodealmeria.org\/fr\/wp-json\/wp\/v2\/media\/81775"}],"wp:attachment":[{"href":"https:\/\/www.turismodealmeria.org\/fr\/wp-json\/wp\/v2\/media?parent=81906"}],"curies":[{"name":"wp","href":"https:\/\/api.w.org\/{rel}","templated":true}]}}

Gastro Tour à Almeria

<div class="wpb-content-wrapper"><p>[vc_row row_height_percent= »0&Prime; override_padding= »yes » h_padding= »0&Prime; top_padding= »2&Prime; bottom_padding= »2&Prime; overlay_alpha= »50&Prime; gutter_size= »3&Prime; column_width_percent= »100&Prime; shift_y= »0&Prime; z_index= »0&Prime; uncode_shortcode_id= »170126&Prime;][vc_column][vc_column_text uncode_shortcode_id= »605059&Prime;]La route panoramique commence dans le parc Nicolás Salmerón, un poumon vert à côté du port, qui se distingue par sa richesse botanique et maritime. De là, vous pourrez admirer l&rsquo;imposant quai de chargement du minerai de fer, un bien d&rsquo;intérêt culturel situé sur la plage d&rsquo;Almadrabillas, symbole de l&rsquo;histoire industrielle d&rsquo;Almeria. L&rsquo;itinéraire se poursuit vers la Puerta de Purchena, cœur du centre-ville du XIXe siècle, où se distinguent l&rsquo;Edificio de las Mariposas, œuvre historiciste de l&rsquo;architecte Trinidad Cuartara Cassinello, et l&rsquo;atmosphère animée des boutiques et des cafés qui reflètent l&rsquo;évolution de la ville après la démolition de ses murailles.</p>
<p>Le Mercado Central de Abastos, joyau du XIXe siècle à la structure de fer et de verre, évoque les marchés européens tels que Les Halles ou La Boquería. Conçue à l&rsquo;époque du boom minier et agricole, sa façade néo-baroque de la rue Aguilar de Campoo, dessinée par Guillermo Langle Rubio, s&rsquo;harmonise avec son intérieur rempli de produits frais : du poisson à l&rsquo;exclusive tomate Raf, emblème agricole de la région. Les visiteurs peuvent y déguster des tapas locales comme le jambon ou l&rsquo;omelette aux truffes, et emporter des saveurs locales comme l&rsquo;huile d&rsquo;olive ou la confiture de tomates Raf, résumant ainsi l&rsquo;essence gastronomique et patrimoniale d&rsquo;Almería en un seul espace.[/vc_column_text][vc_button button_color= »color-amber » size= »btn-sm » radius= »btn-round » border_width= »2&Prime; button_color_type= »uncode-palette » uncode_shortcode_id= »715761&Prime; link= »url:https%3A%2F%2Fwww.turismodealmeria.org%2Fwp-content%2Fuploads%2F2025%2F02%2FRuta-Flamenca-FR.pdf|target:_blank »]Connaître l&rsquo;itinéraire[/vc_button][/vc_column][/vc_row]</p>
</div>

<p>[vc_row row_height_percent= »0&Prime; override_padding= »yes » h_padding= »0&Prime; top_padding= »2&Prime; bottom_padding= »2&Prime; overlay_alpha= »50&Prime; gutter_size= »3&Prime; column_width_percent= »100&Prime; shift_y= »0&Prime; z_index= »0&Prime; uncode_shortcode_id= »170126&Prime;][vc_column][vc_column_text uncode_shortcode_id= »605059&Prime;]La route panoramique commence dans le parc Nicolás [&hellip;]</p>
