{"id":565,"date":"2022-02-21T12:33:42","date_gmt":"2022-02-21T11:33:42","guid":{"rendered":"https:\/\/museos.turismodealmeria.es\/museo\/casa-del-poeta-jose-angel-valente\/"},"modified":"2025-03-18T21:29:53","modified_gmt":"2025-03-18T20:29:53","slug":"das-haus-des-dichters-jose-angel-valente","status":"publish","type":"museo","link":"https:\/\/www.turismodealmeria.org\/museos\/de\/museo\/das-haus-des-dichters-jose-angel-valente\/","title":{"rendered":"Das Haus des Dichters Jose Angel Valente"},"content":{"rendered":"<p>Jose Angel Valente war Dichter, Romancier, Essayist und einer der bekanntesten spanischen Intelektuellsten in der ersten H\u00e4lfte des 20. Jahrhunderts. Er lebte in Gro\u00dfst\u00e4dten wie Madrid, Paris oder Genf, w\u00e4hlte aber w\u00e4hrend der letzten 15 Jahre seines Lebens Almeria als Wohnort. Er f\u00fchlte das, was er als \u201cunverzichtbaren Wunsch nach Licht\u201d bezeichnete.<\/p>\n<p>Diese Fl\u00e4che \u2013 der Ort des Dichters \u2013 vergegenw\u00e4rtig seitdem das Erbe seiner Werke, was sich bei seinen Dichtungen in dem Einfluss einer Stadt des S\u00fcdens und ihrer Lichtf\u00fclle zeigt. Hier fand Valente dieses Haus, oder wie er mit eigenen Worten sagte, das Haus fand ihn: \u201cMan wei\u00df nicht so genau, wer wen fand, ob ich das Haus aussuchte, oder ob das Haus mich.\u201d Von Anfang an beteiligte er sich aktiv am Leben in der Stadt, er war an vielen kulturellen, k\u00fcnstlerischen und sozialen Projekten beteiligt, dehnte sein Wirken aber auch auf andere Gebiete Almerias aus, was sein Eintreten f\u00fcr den Naturpark Cabo de Gata-Nijar \u2013 bezeugt zu deren Patronat er geh\u00f6rte oder seine Zusammenarbeit mit Fotografen wie Jeanne Chevalier oder Manuel Falces.<\/p>\n<p>Das Haus des Dichters stellt durch die verschiedenen R\u00e4ume und Themenbereiche eine Reise durch das Leben des Dichters Jose Angel Valente dar und verweilt bei den wichtigsten Aspekten. Hiermit wird versucht, die Bedeutung seiner Person in der zeitgen\u00f6ssischen spanischen Literatur zug\u00e4nglich zu machen und zu betonen, sowie die gegenseitige Beeinflussung anzuzeigen, den Einfluss, den Almeria auf Valente hatte \u2013 und umgekehrt und das Verh\u00e4ltnis des Dichters zu anderen K\u00fcnsten darzustellen. Ein Verschmelzen, das er immer intensiv vertrat.<\/p>\n<p>&nbsp;<\/p>\n","protected":false},"featured_media":350,"template":"","tipo":[4],"class_list":["post-565","museo","type-museo","status-publish","has-post-thumbnail","hentry","tipo-museos-almeria-ciudad"],"acf":[],"_links":{"self":[{"href":"https:\/\/www.turismodealmeria.org\/museos\/de\/wp-json\/wp\/v2\/museo\/565","targetHints":{"allow":["GET"]}}],"collection":[{"href":"https:\/\/www.turismodealmeria.org\/museos\/de\/wp-json\/wp\/v2\/museo"}],"about":[{"href":"https:\/\/www.turismodealmeria.org\/museos\/de\/wp-json\/wp\/v2\/types\/museo"}],"wp:featuredmedia":[{"embeddable":true,"href":"https:\/\/www.turismodealmeria.org\/museos\/de\/wp-json\/wp\/v2\/media\/350"}],"wp:attachment":[{"href":"https:\/\/www.turismodealmeria.org\/museos\/de\/wp-json\/wp\/v2\/media?parent=565"}],"wp:term":[{"taxonomy":"tipo","embeddable":true,"href":"https:\/\/www.turismodealmeria.org\/museos\/de\/wp-json\/wp\/v2\/tipo?post=565"}],"curies":[{"name":"wp","href":"https:\/\/api.w.org\/{rel}","templated":true}]}}

<p>Jose Angel Valente war Dichter, Romancier, Essayist und einer der bekanntesten spanischen Intelektuellsten in der ersten Hälfte des 20. Jahrhunderts. Er lebte in Großstädten wie Madrid, Paris oder Genf, wählte aber während der letzten 15 Jahre seines Lebens Almeria als Wohnort. Er fühlte das, was er als “unverzichtbaren Wunsch nach Licht” bezeichnete.</p>
<p>Diese Fläche – der Ort des Dichters – vergegenwärtig seitdem das Erbe seiner Werke, was sich bei seinen Dichtungen in dem Einfluss einer Stadt des Südens und ihrer Lichtfülle zeigt. Hier fand Valente dieses Haus, oder wie er mit eigenen Worten sagte, das Haus fand ihn: “Man weiß nicht so genau, wer wen fand, ob ich das Haus aussuchte, oder ob das Haus mich.” Von Anfang an beteiligte er sich aktiv am Leben in der Stadt, er war an vielen kulturellen, künstlerischen und sozialen Projekten beteiligt, dehnte sein Wirken aber auch auf andere Gebiete Almerias aus, was sein Eintreten für den Naturpark Cabo de Gata-Nijar – bezeugt zu deren Patronat er gehörte oder seine Zusammenarbeit mit Fotografen wie Jeanne Chevalier oder Manuel Falces.</p>
<p>Das Haus des Dichters stellt durch die verschiedenen Räume und Themenbereiche eine Reise durch das Leben des Dichters Jose Angel Valente dar und verweilt bei den wichtigsten Aspekten. Hiermit wird versucht, die Bedeutung seiner Person in der zeitgenössischen spanischen Literatur zugänglich zu machen und zu betonen, sowie die gegenseitige Beeinflussung anzuzeigen, den Einfluss, den Almeria auf Valente hatte – und umgekehrt und das Verhältnis des Dichters zu anderen Künsten darzustellen. Ein Verschmelzen, das er immer intensiv vertrat.</p>
<p>&nbsp;</p>
