{"id":428,"date":"2024-09-30T08:56:38","date_gmt":"2024-09-30T06:56:38","guid":{"rendered":"https:\/\/museos.turismodealmeria.es\/?post_type=museo&#038;p=428"},"modified":"2025-09-09T13:58:57","modified_gmt":"2025-09-09T11:58:57","slug":"museo-de-arte-dona-pakyta","status":"publish","type":"museo","link":"https:\/\/www.turismodealmeria.org\/museos\/museo\/museo-de-arte-dona-pakyta\/","title":{"rendered":"Museo de Arte de Almer\u00eda Do\u00f1a Pakyta"},"content":{"rendered":"<p>En la d\u00e9cada de 1980, do\u00f1a\u00a0<strong>Francisca D\u00edaz Torres<\/strong>\u00a0\u2013popularmente conocida como\u00a0Do\u00f1a Pakyta\u2013 decid\u00eda donar al Ayuntamiento de Almer\u00eda, para que tras su fallecimiento se transformase en centro cultural y espacio expositivo permanente, la que durante a\u00f1os hab\u00eda sido su vivienda.\u00a0<strong>Un chalet de singular est\u00e9tica norte\u00f1a<\/strong>, construido en 1928 por el arquitecto\u00a0Guillermo Langle\u00a0por encargo de don Antonio Gonz\u00e1lez Egea, conocido entre los almerienses como la \u2018Casa Vasca\u2019.<\/p>\n<p>En mayo de 2014, el chalet ubicado al final del Paseo pasaba a formar parte del patrimonio municipal y se iniciaban las labores de adaptaci\u00f3n de las plantas baja y primera al nuevo fin del inmueble: acoger la primera\u00a0<strong>sede del Museo de Arte de Almer\u00eda<\/strong>. Una nueva dotaci\u00f3n cultural a trav\u00e9s de la cual, gracias a la suma de sinergias entre el Consistorio capitalino y la Fundaci\u00f3n de Arte Ib\u00e1\u00f1ez Cosentino, el visitante tendr\u00e1 la oportunidad de disfrutar de una amplia panor\u00e1mica del arte almeriense, desde la d\u00e9cada de 1880 hasta la de 1970.<\/p>\n","protected":false},"featured_media":2669,"template":"","tipo":[4],"class_list":["post-428","museo","type-museo","status-publish","has-post-thumbnail","hentry","tipo-museos-almeria-ciudad"],"acf":[],"_links":{"self":[{"href":"https:\/\/www.turismodealmeria.org\/museos\/wp-json\/wp\/v2\/museo\/428","targetHints":{"allow":["GET"]}}],"collection":[{"href":"https:\/\/www.turismodealmeria.org\/museos\/wp-json\/wp\/v2\/museo"}],"about":[{"href":"https:\/\/www.turismodealmeria.org\/museos\/wp-json\/wp\/v2\/types\/museo"}],"wp:featuredmedia":[{"embeddable":true,"href":"https:\/\/www.turismodealmeria.org\/museos\/wp-json\/wp\/v2\/media\/2669"}],"wp:attachment":[{"href":"https:\/\/www.turismodealmeria.org\/museos\/wp-json\/wp\/v2\/media?parent=428"}],"wp:term":[{"taxonomy":"tipo","embeddable":true,"href":"https:\/\/www.turismodealmeria.org\/museos\/wp-json\/wp\/v2\/tipo?post=428"}],"curies":[{"name":"wp","href":"https:\/\/api.w.org\/{rel}","templated":true}]}}

Museo de Arte de Almería Doña Pakyta

<p>En la década de 1980, doña <strong>Francisca Díaz Torres</strong> –popularmente conocida como Doña Pakyta– decidía donar al Ayuntamiento de Almería, para que tras su fallecimiento se transformase en centro cultural y espacio expositivo permanente, la que durante años había sido su vivienda. <strong>Un chalet de singular estética norteña</strong>, construido en 1928 por el arquitecto Guillermo Langle por encargo de don Antonio González Egea, conocido entre los almerienses como la ‘Casa Vasca’.</p>
<p>En mayo de 2014, el chalet ubicado al final del Paseo pasaba a formar parte del patrimonio municipal y se iniciaban las labores de adaptación de las plantas baja y primera al nuevo fin del inmueble: acoger la primera <strong>sede del Museo de Arte de Almería</strong>. Una nueva dotación cultural a través de la cual, gracias a la suma de sinergias entre el Consistorio capitalino y la Fundación de Arte Ibáñez Cosentino, el visitante tendrá la oportunidad de disfrutar de una amplia panorámica del arte almeriense, desde la década de 1880 hasta la de 1970.</p>
