{"id":2,"date":"2020-12-03T07:07:30","date_gmt":"2020-12-03T07:07:30","guid":{"rendered":"https:\/\/www.turismodealmeria.org\/paseo-almeria\/?page_id=2"},"modified":"2020-12-18T11:19:34","modified_gmt":"2020-12-18T11:19:34","slug":"el-paseo-de-almeria","status":"publish","type":"page","link":"https:\/\/www.turismodealmeria.org\/paseo-almeria\/","title":{"rendered":"El Paseo de Almer\u00eda"},"content":{"rendered":"<div class=\"wpb-content-wrapper\"><p>[vc_row unlock_row_content=\u00bbyes\u00bb row_height_percent=\u00bb0&#8243; override_padding=\u00bbyes\u00bb h_padding=\u00bb0&#8243; top_padding=\u00bb0&#8243; bottom_padding=\u00bb0&#8243; back_image=\u00bb588&#8243; back_repeat=\u00bbno-repeat\u00bb back_position=\u00bbcenter bottom\u00bb overlay_alpha=\u00bb100&#8243; gutter_size=\u00bb3&#8243; column_width_percent=\u00bb100&#8243; shift_y=\u00bb0&#8243; z_index=\u00bb0&#8243; back_size=\u00bbcover\u00bb el_class=\u00bbcabecera-principal-detalle\u00bb][vc_column column_width_percent=\u00bb100&#8243; position_vertical=\u00bbmiddle\u00bb gutter_size=\u00bb3&#8243; overlay_alpha=\u00bb50&#8243; shift_x=\u00bb0&#8243; shift_y=\u00bb0&#8243; shift_y_down=\u00bb0&#8243; z_index=\u00bb0&#8243; medium_width=\u00bb0&#8243; mobile_width=\u00bb0&#8243; width=\u00bb1\/1&#8243;][vc_single_image media=\u00bb174&#8243; media_width_use_pixel=\u00bbyes\u00bb alignment=\u00bbcenter\u00bb media_width_pixel=\u00bb430&#8243;][\/vc_column][\/vc_row][vc_row row_height_percent=\u00bb0&#8243; override_padding=\u00bbyes\u00bb h_padding=\u00bb2&#8243; top_padding=\u00bb2&#8243; bottom_padding=\u00bb0&#8243; overlay_alpha=\u00bb50&#8243; gutter_size=\u00bb3&#8243; column_width_percent=\u00bb100&#8243; shift_y=\u00bb0&#8243; z_index=\u00bb0&#8243;][vc_column column_width_percent=\u00bb100&#8243; align_horizontal=\u00bbalign_center\u00bb gutter_size=\u00bb3&#8243; overlay_alpha=\u00bb50&#8243; shift_x=\u00bb0&#8243; shift_y=\u00bb0&#8243; shift_y_down=\u00bb0&#8243; z_index=\u00bb0&#8243; medium_width=\u00bb0&#8243; mobile_width=\u00bb0&#8243; width=\u00bb1\/1&#8243;][vc_custom_heading heading_semantic=\u00bbh1&#8243; text_font=\u00bbfont-Montserrat\u00bb text_size=\u00bbfontsize-28&#8243; text_color=\u00bbPoppins\u00bb]El Paseo de Almer\u00eda[\/vc_custom_heading][\/vc_column][\/vc_row][vc_row row_height_percent=\u00bb0&#8243; override_padding=\u00bbyes\u00bb h_padding=\u00bb4&#8243; top_padding=\u00bb2&#8243; bottom_padding=\u00bb2&#8243; overlay_alpha=\u00bb50&#8243; gutter_size=\u00bb3&#8243; column_width_percent=\u00bb100&#8243; shift_y=\u00bb0&#8243; z_index=\u00bb0&#8243;][vc_column column_width_percent=\u00bb92&#8243; gutter_size=\u00bb3&#8243; overlay_alpha=\u00bb50&#8243; shift_x=\u00bb0&#8243; shift_y=\u00bb0&#8243; shift_y_down=\u00bb0&#8243; z_index=\u00bb0&#8243; medium_width=\u00bb0&#8243; mobile_width=\u00bb0&#8243;][vc_column_text]<strong>En el a\u00f1o 1.855 Almer\u00eda empez\u00f3 la transformaci\u00f3n urbana que la llev\u00f3 hasta la ciudad actual<\/strong>. Para ello fue preciso el derribo de las murallas que conten\u00edan la antigua ciudad en una zona muy delimitada. M\u00e1s all\u00e1 de la Puerta de Purchena, el Baluarte de San Francisco y el de Santo Domingo se extend\u00edan peque\u00f1as edificaciones y campos de cultivo.<\/p>\n<p>El derribo de las murallas, y la desamortizaci\u00f3n de los antiguos conventos dio lugar al crecimiento de la ciudad al norte, al este y hacia el mar en tres grandes v\u00edas: la actual calle Pablo Iglesias, Obispo Orber\u00e1 y el Paseo de Almer\u00eda. Este \u00faltimo se convirti\u00f3 en la l\u00ednea divisoria entre la antigua ciudad y la nueva Almer\u00eda.<\/p>\n<p><strong>La historia del Paseo de Almer\u00eda es la historia<\/strong> de los edificios burgueses, de la guerra civil, de la dictadura, del desarrollismo, de los teatros, de los caf\u00e9s, del comercio y de la moderna trama urbana. En definitiva, es la historia <strong>de la Ciudad de Almer\u00eda<\/strong>.[\/vc_column_text][\/vc_column][\/vc_row][vc_row row_height_percent=\u00bb0&#8243; override_padding=\u00bbyes\u00bb h_padding=\u00bb2&#8243; top_padding=\u00bb0&#8243; bottom_padding=\u00bb2&#8243; overlay_alpha=\u00bb50&#8243; gutter_size=\u00bb3&#8243; column_width_percent=\u00bb100&#8243; shift_y=\u00bb0&#8243; z_index=\u00bb0&#8243;][vc_column column_width_percent=\u00bb100&#8243; align_horizontal=\u00bbalign_center\u00bb gutter_size=\u00bb3&#8243; overlay_alpha=\u00bb50&#8243; shift_x=\u00bb0&#8243; shift_y=\u00bb0&#8243; shift_y_down=\u00bb0&#8243; z_index=\u00bb0&#8243; medium_width=\u00bb0&#8243; mobile_width=\u00bb0&#8243; width=\u00bb1\/1&#8243;][vc_custom_heading text_font=\u00bbfont-Montserrat\u00bb text_size=\u00bbfontsize-28&#8243; text_color=\u00bbcolor-tealish\u00bb]ITINERARIO[\/vc_custom_heading][\/vc_column][\/vc_row][vc_row row_height_percent=\u00bb0&#8243; overlay_alpha=\u00bb50&#8243; gutter_size=\u00bb3&#8243; column_width_percent=\u00bb100&#8243; shift_y=\u00bb0&#8243; z_index=\u00bb0&#8243; el_class=\u00bblistado-itinerario\u00bb][vc_column width=\u00bb1\/1&#8243;][uncode_index el_id=\u00bbindex-265006&#8243; loop=\u00bbsize:8|order_by:menu_order|post_type:page|by_id:144,142,140,138,136,134,132,50|taxonomy_count:10&#8243; gutter_size=\u00bb3&#8243; page_items=\u00bbtitle,icon|sm,media|featured|onpost|original\u00bb screen_lg=\u00bb1000&#8243; screen_md=\u00bb768&#8243; screen_sm=\u00bb570&#8243; single_text=\u00bboverlay\u00bb single_width=\u00bb3&#8243; single_overlay_opacity=\u00bb1&#8243; single_overlay_anim=\u00bbno\u00bb single_text_visible=\u00bbyes\u00bb single_text_anim=\u00bbno\u00bb single_h_align=\u00bbcenter\u00bb single_padding=\u00bb2&#8243; single_title_semantic=\u00bbp\u00bb single_title_family=\u00bbfont-555555&#8243; single_title_dimension=\u00bb\u00bb single_title_weight=\u00bb800&#8243; single_border=\u00bbyes\u00bb no_double_tap=\u00bbyes\u00bb single_icon=\u00bbfa fa-angle-up\u00bb][\/vc_column][\/vc_row][vc_row row_height_percent=\u00bb0&#8243; override_padding=\u00bbyes\u00bb h_padding=\u00bb2&#8243; top_padding=\u00bb3&#8243; bottom_padding=\u00bb2&#8243; overlay_alpha=\u00bb50&#8243; gutter_size=\u00bb3&#8243; column_width_percent=\u00bb100&#8243; shift_y=\u00bb0&#8243; z_index=\u00bb0&#8243;][vc_column width=\u00bb1\/1&#8243;][vc_single_image media=\u00bb184&#8243; media_width_use_pixel=\u00bbyes\u00bb alignment=\u00bbcenter\u00bb media_width_pixel=\u00bb838&#8243;][\/vc_column][\/vc_row][vc_row][vc_column column_width_percent=\u00bb82&#8243; gutter_size=\u00bb3&#8243; overlay_alpha=\u00bb50&#8243; shift_x=\u00bb0&#8243; shift_y=\u00bb0&#8243; shift_y_down=\u00bb0&#8243; z_index=\u00bb0&#8243; medium_width=\u00bb0&#8243; mobile_width=\u00bb0&#8243; width=\u00bb1\/1&#8243;][vc_row_inner][vc_column_inner width=\u00bb1\/2&#8243;][vc_column_text]Para el desarrollo de este viaje a trav\u00e9s del Paseo de Almer\u00eda se ha realizado una documentaci\u00f3n de diversos autores, as\u00ed como el acopio de fotograf\u00edas hist\u00f3ricas y actuales. Por ello todo contenido tienen su referencia bibliogr\u00e1fica, su autor\u00eda o su fuente. Los textos y las im\u00e1genes han sido adaptados para conseguir una mejor experiencia de navegaci\u00f3n, as\u00ed como la simplificaci\u00f3n de los contenidos para facilitar una lectura r\u00e1pida y amena.[\/vc_column_text][\/vc_column_inner][vc_column_inner width=\u00bb1\/2&#8243;][vc_column_text]El \u00c1rea de Turismo del Ayuntamiento de Almer\u00eda, desde el m\u00e1ximo respeto a los autores, queda a disposici\u00f3n para modificar o corregir cualquier dato que pueda ser err\u00f3neo por parte de los autores, cuyo trabajo ha sido esencial para la elaboraci\u00f3n de est\u00e1 gu\u00eda sobre la historia del Paseo de la Ciudad.[\/vc_column_text][\/vc_column_inner][\/vc_row_inner][\/vc_column][\/vc_row][vc_row row_height_percent=\u00bb0&#8243; override_padding=\u00bbyes\u00bb h_padding=\u00bb2&#8243; top_padding=\u00bb5&#8243; bottom_padding=\u00bb5&#8243; back_image=\u00bb586&#8243; back_repeat=\u00bbno-repeat\u00bb back_position=\u00bbcenter center\u00bb overlay_alpha=\u00bb50&#8243; gutter_size=\u00bb3&#8243; column_width_percent=\u00bb100&#8243; shift_y=\u00bb0&#8243; z_index=\u00bb0&#8243; gdpr_consent_id=\u00bb\u00bb back_size=\u00bbcover\u00bb row_height_pixel=\u00bb200&#8243; el_class=\u00bbbotones-tabs\u00bb][vc_column column_width_percent=\u00bb100&#8243; position_vertical=\u00bbmiddle\u00bb align_horizontal=\u00bbalign_center\u00bb gutter_size=\u00bb3&#8243; overlay_alpha=\u00bb50&#8243; shift_x=\u00bb0&#8243; shift_y=\u00bb0&#8243; shift_y_down=\u00bb0&#8243; z_index=\u00bb0&#8243; medium_width=\u00bb0&#8243; mobile_width=\u00bb0&#8243; width=\u00bb1\/1&#8243;][vc_custom_heading heading_semantic=\u00bbp\u00bb text_size=\u00bbfontsize-24&#8243; text_color=\u00bbcolor-xsdn\u00bb]Plano interactivo a partir del plano de D. Joaqu\u00edn P\u00e9rez De Rozas en 1864.<br \/>\nRealizado por el IES Celia Vi\u00f1as.[\/vc_custom_heading][vc_button radius=\u00bbbtn-square\u00bb custom_typo=\u00bbyes\u00bb font_family=\u00bbfont-Montserrat\u00bb font_weight=\u00bb700&#8243; text_transform=\u00bbuppercase\u00bb border_width=\u00bb0&#8243; link=\u00bburl:https%3A%2F%2Fiescelia.org%2Fmapa-1864%2Ffiles%2Fperezderozas.html|target:_blank|rel:nofollow\u00bb]VER PLANO INTERACTIVO[\/vc_button][\/vc_column][\/vc_row]<\/p>\n<\/div>","protected":false},"excerpt":{"rendered":"<p>[vc_row unlock_row_content=\u00bbyes\u00bb row_height_percent=\u00bb0&#8243; override_padding=\u00bbyes\u00bb h_padding=\u00bb0&#8243; top_padding=\u00bb0&#8243; bottom_padding=\u00bb0&#8243; back_image=\u00bb588&#8243; back_repeat=\u00bbno-repeat\u00bb back_position=\u00bbcenter bottom\u00bb overlay_alpha=\u00bb100&#8243; gutter_size=\u00bb3&#8243; column_width_percent=\u00bb100&#8243; shift_y=\u00bb0&#8243; z_index=\u00bb0&#8243; back_size=\u00bbcover\u00bb el_class=\u00bbcabecera-principal-detalle\u00bb][vc_column column_width_percent=\u00bb100&#8243; position_vertical=\u00bbmiddle\u00bb [&hellip;]<\/p>\n","protected":false},"author":1,"featured_media":0,"parent":0,"menu_order":0,"comment_status":"closed","ping_status":"open","template":"","meta":{"footnotes":""},"class_list":["post-2","page","type-page","status-publish","hentry"],"yoast_head":"<!-- This site is optimized with the Yoast SEO plugin v24.6 - https:\/\/yoast.com\/wordpress\/plugins\/seo\/ -->\n<title>El Paseo de Almer\u00eda, un itinerario hist\u00f3rico. Turismo de Almer\u00eda<\/title>\n<meta name=\"description\" content=\"Un recorrido por su historia, por su arquitectura, por la vida social, el comercio y todo lo que representa El Paseo de Almer\u00eda para la ciudad\" \/>\n<meta name=\"robots\" content=\"index, follow, max-snippet:-1, max-image-preview:large, max-video-preview:-1\" \/>\n<link rel=\"canonical\" href=\"https:\/\/www.turismodealmeria.org\/paseo-almeria\/\" \/>\n<meta property=\"og:locale\" content=\"es_ES\" \/>\n<meta property=\"og:type\" content=\"article\" \/>\n<meta property=\"og:title\" content=\"El Paseo de Almer\u00eda, un itinerario hist\u00f3rico. Turismo de Almer\u00eda\" \/>\n<meta property=\"og:description\" content=\"Un recorrido por su historia, por su arquitectura, por la vida social, el comercio y todo lo que representa El Paseo de Almer\u00eda para la ciudad\" \/>\n<meta property=\"og:url\" content=\"https:\/\/www.turismodealmeria.org\/paseo-almeria\/\" \/>\n<meta property=\"og:site_name\" content=\"Paseo de Almer\u00eda\" \/>\n<meta property=\"article:publisher\" content=\"https:\/\/www.facebook.com\/enamoradosdealmeria\" \/>\n<meta property=\"article:modified_time\" content=\"2020-12-18T11:19:34+00:00\" \/>\n<meta property=\"og:image\" content=\"https:\/\/www.turismodealmeria.org\/paseo-almeria\/wp-content\/uploads\/2020\/12\/paseo-de-almeria-general.jpg\" \/>\n\t<meta property=\"og:image:width\" content=\"1200\" \/>\n\t<meta property=\"og:image:height\" content=\"628\" \/>\n\t<meta property=\"og:image:type\" content=\"image\/jpeg\" \/>\n<meta name=\"twitter:card\" content=\"summary_large_image\" \/>\n<meta name=\"twitter:title\" content=\"El Paseo de Almer\u00eda, un itinerario hist\u00f3rico. Turismo de Almer\u00eda\" \/>\n<meta name=\"twitter:description\" content=\"Un recorrido por su historia, por su arquitectura, por la vida social, el comercio y todo lo que representa El Paseo de Almer\u00eda para la ciudad\" \/>\n<meta name=\"twitter:image\" content=\"https:\/\/www.turismodealmeria.org\/paseo-almeria\/wp-content\/uploads\/2020\/12\/paseo-de-almeria-general.jpg\" \/>\n<meta name=\"twitter:label1\" content=\"Tiempo de lectura\" \/>\n\t<meta name=\"twitter:data1\" content=\"5 minutos\" \/>\n<script type=\"application\/ld+json\" class=\"yoast-schema-graph\">{\"@context\":\"https:\/\/schema.org\",\"@graph\":[{\"@type\":\"WebPage\",\"@id\":\"https:\/\/www.turismodealmeria.org\/paseo-almeria\/\",\"url\":\"https:\/\/www.turismodealmeria.org\/paseo-almeria\/\",\"name\":\"El Paseo de Almer\u00eda, un itinerario hist\u00f3rico. Turismo de Almer\u00eda\",\"isPartOf\":{\"@id\":\"https:\/\/www.turismodealmeria.org\/paseo-almeria\/#website\"},\"datePublished\":\"2020-12-03T07:07:30+00:00\",\"dateModified\":\"2020-12-18T11:19:34+00:00\",\"description\":\"Un recorrido por su historia, por su arquitectura, por la vida social, el comercio y todo lo que representa El Paseo de Almer\u00eda para la ciudad\",\"breadcrumb\":{\"@id\":\"https:\/\/www.turismodealmeria.org\/paseo-almeria\/#breadcrumb\"},\"inLanguage\":\"es\",\"potentialAction\":[{\"@type\":\"ReadAction\",\"target\":[\"https:\/\/www.turismodealmeria.org\/paseo-almeria\/\"]}]},{\"@type\":\"BreadcrumbList\",\"@id\":\"https:\/\/www.turismodealmeria.org\/paseo-almeria\/#breadcrumb\",\"itemListElement\":[{\"@type\":\"ListItem\",\"position\":1,\"name\":\"Portada\",\"item\":\"https:\/\/www.turismodealmeria.org\/paseo-almeria\/\"},{\"@type\":\"ListItem\",\"position\":2,\"name\":\"El Paseo de Almer\u00eda\"}]},{\"@type\":\"WebSite\",\"@id\":\"https:\/\/www.turismodealmeria.org\/paseo-almeria\/#website\",\"url\":\"https:\/\/www.turismodealmeria.org\/paseo-almeria\/\",\"name\":\"Paseo de Almer\u00eda\",\"description\":\"\",\"potentialAction\":[{\"@type\":\"SearchAction\",\"target\":{\"@type\":\"EntryPoint\",\"urlTemplate\":\"https:\/\/www.turismodealmeria.org\/paseo-almeria\/?s={search_term_string}\"},\"query-input\":{\"@type\":\"PropertyValueSpecification\",\"valueRequired\":true,\"valueName\":\"search_term_string\"}}],\"inLanguage\":\"es\"}]}<\/script>\n<!-- \/ Yoast SEO plugin. -->","yoast_head_json":{"title":"El Paseo de Almer\u00eda, un itinerario hist\u00f3rico. Turismo de Almer\u00eda","description":"Un recorrido por su historia, por su arquitectura, por la vida social, el comercio y todo lo que representa El Paseo de Almer\u00eda para la ciudad","robots":{"index":"index","follow":"follow","max-snippet":"max-snippet:-1","max-image-preview":"max-image-preview:large","max-video-preview":"max-video-preview:-1"},"canonical":"https:\/\/www.turismodealmeria.org\/paseo-almeria\/","og_locale":"es_ES","og_type":"article","og_title":"El Paseo de Almer\u00eda, un itinerario hist\u00f3rico. Turismo de Almer\u00eda","og_description":"Un recorrido por su historia, por su arquitectura, por la vida social, el comercio y todo lo que representa El Paseo de Almer\u00eda para la ciudad","og_url":"https:\/\/www.turismodealmeria.org\/paseo-almeria\/","og_site_name":"Paseo de Almer\u00eda","article_publisher":"https:\/\/www.facebook.com\/enamoradosdealmeria","article_modified_time":"2020-12-18T11:19:34+00:00","og_image":[{"width":1200,"height":628,"url":"https:\/\/www.turismodealmeria.org\/paseo-almeria\/wp-content\/uploads\/2020\/12\/paseo-de-almeria-general.jpg","type":"image\/jpeg"}],"twitter_card":"summary_large_image","twitter_title":"El Paseo de Almer\u00eda, un itinerario hist\u00f3rico. Turismo de Almer\u00eda","twitter_description":"Un recorrido por su historia, por su arquitectura, por la vida social, el comercio y todo lo que representa El Paseo de Almer\u00eda para la ciudad","twitter_image":"https:\/\/www.turismodealmeria.org\/paseo-almeria\/wp-content\/uploads\/2020\/12\/paseo-de-almeria-general.jpg","twitter_misc":{"Tiempo de lectura":"5 minutos"},"schema":{"@context":"https:\/\/schema.org","@graph":[{"@type":"WebPage","@id":"https:\/\/www.turismodealmeria.org\/paseo-almeria\/","url":"https:\/\/www.turismodealmeria.org\/paseo-almeria\/","name":"El Paseo de Almer\u00eda, un itinerario hist\u00f3rico. Turismo de Almer\u00eda","isPartOf":{"@id":"https:\/\/www.turismodealmeria.org\/paseo-almeria\/#website"},"datePublished":"2020-12-03T07:07:30+00:00","dateModified":"2020-12-18T11:19:34+00:00","description":"Un recorrido por su historia, por su arquitectura, por la vida social, el comercio y todo lo que representa El Paseo de Almer\u00eda para la ciudad","breadcrumb":{"@id":"https:\/\/www.turismodealmeria.org\/paseo-almeria\/#breadcrumb"},"inLanguage":"es","potentialAction":[{"@type":"ReadAction","target":["https:\/\/www.turismodealmeria.org\/paseo-almeria\/"]}]},{"@type":"BreadcrumbList","@id":"https:\/\/www.turismodealmeria.org\/paseo-almeria\/#breadcrumb","itemListElement":[{"@type":"ListItem","position":1,"name":"Portada","item":"https:\/\/www.turismodealmeria.org\/paseo-almeria\/"},{"@type":"ListItem","position":2,"name":"El Paseo de Almer\u00eda"}]},{"@type":"WebSite","@id":"https:\/\/www.turismodealmeria.org\/paseo-almeria\/#website","url":"https:\/\/www.turismodealmeria.org\/paseo-almeria\/","name":"Paseo de Almer\u00eda","description":"","potentialAction":[{"@type":"SearchAction","target":{"@type":"EntryPoint","urlTemplate":"https:\/\/www.turismodealmeria.org\/paseo-almeria\/?s={search_term_string}"},"query-input":{"@type":"PropertyValueSpecification","valueRequired":true,"valueName":"search_term_string"}}],"inLanguage":"es"}]}},"_links":{"self":[{"href":"https:\/\/www.turismodealmeria.org\/paseo-almeria\/wp-json\/wp\/v2\/pages\/2","targetHints":{"allow":["GET"]}}],"collection":[{"href":"https:\/\/www.turismodealmeria.org\/paseo-almeria\/wp-json\/wp\/v2\/pages"}],"about":[{"href":"https:\/\/www.turismodealmeria.org\/paseo-almeria\/wp-json\/wp\/v2\/types\/page"}],"author":[{"embeddable":true,"href":"https:\/\/www.turismodealmeria.org\/paseo-almeria\/wp-json\/wp\/v2\/users\/1"}],"replies":[{"embeddable":true,"href":"https:\/\/www.turismodealmeria.org\/paseo-almeria\/wp-json\/wp\/v2\/comments?post=2"}],"version-history":[{"count":57,"href":"https:\/\/www.turismodealmeria.org\/paseo-almeria\/wp-json\/wp\/v2\/pages\/2\/revisions"}],"predecessor-version":[{"id":25,"href":"https:\/\/www.turismodealmeria.org\/paseo-almeria\/wp-json\/wp\/v2\/pages\/2\/revisions\/25"}],"wp:attachment":[{"href":"https:\/\/www.turismodealmeria.org\/paseo-almeria\/wp-json\/wp\/v2\/media?parent=2"}],"curies":[{"name":"wp","href":"https:\/\/api.w.org\/{rel}","templated":true}]}}